{"id":416,"date":"2023-10-06T13:50:34","date_gmt":"2023-10-06T16:50:34","guid":{"rendered":"https:\/\/3dmapeamento.com\/?page_id=416"},"modified":"2023-10-06T15:28:39","modified_gmt":"2023-10-06T18:28:39","slug":"ortofotos","status":"publish","type":"page","link":"https:\/\/3dmapeamento.com\/index.php\/ortofotos\/","title":{"rendered":"Ortofoto"},"content":{"rendered":"\t\t<div data-elementor-type=\"wp-page\" data-elementor-id=\"416\" class=\"elementor elementor-416\" data-elementor-post-type=\"page\">\n\t\t\t\t\t\t\t<div class=\"elementor-element elementor-element-f616c7f e-flex e-con-boxed e-con e-parent\" data-id=\"f616c7f\" data-element_type=\"container\" data-settings=\"{&quot;content_width&quot;:&quot;boxed&quot;}\" data-core-v316-plus=\"true\">\n\t\t\t\t\t<div class=\"e-con-inner\">\n\t\t\t\t<div class=\"elementor-element elementor-element-f7bf640 elementor-widget elementor-widget-heading\" data-id=\"f7bf640\" data-element_type=\"widget\" data-widget_type=\"heading.default\">\n\t\t\t\t<div class=\"elementor-widget-container\">\n\t\t\t<style>\/*! elementor - v3.17.0 - 08-11-2023 *\/\n.elementor-heading-title{padding:0;margin:0;line-height:1}.elementor-widget-heading .elementor-heading-title[class*=elementor-size-]>a{color:inherit;font-size:inherit;line-height:inherit}.elementor-widget-heading .elementor-heading-title.elementor-size-small{font-size:15px}.elementor-widget-heading .elementor-heading-title.elementor-size-medium{font-size:19px}.elementor-widget-heading .elementor-heading-title.elementor-size-large{font-size:29px}.elementor-widget-heading .elementor-heading-title.elementor-size-xl{font-size:39px}.elementor-widget-heading .elementor-heading-title.elementor-size-xxl{font-size:59px}<\/style><h2 class=\"elementor-heading-title elementor-size-default\"><h1 style=\"font-size: var(--h1fontsize); font-weight: var(--h1fontweight); font-family: Inter, Arial, Helvetica, sans-serif; line-height: var(--h1lineheight); letter-spacing: normal; text-transform: none; white-space-collapse: collapse;\">Ortofoto<\/h1><\/h2>\t\t<\/div>\n\t\t\t\t<\/div>\n\t\t\t\t\t<\/div>\n\t\t\t\t<\/div>\n\t\t<div class=\"elementor-element elementor-element-b268a48 e-flex e-con-boxed e-con e-parent\" data-id=\"b268a48\" data-element_type=\"container\" data-settings=\"{&quot;background_background&quot;:&quot;classic&quot;,&quot;content_width&quot;:&quot;boxed&quot;}\" data-core-v316-plus=\"true\">\n\t\t\t\t\t<div class=\"e-con-inner\">\n\t\t<div class=\"elementor-element elementor-element-061f0e3 e-con-full e-flex e-con e-child\" data-id=\"061f0e3\" data-element_type=\"container\" data-settings=\"{&quot;content_width&quot;:&quot;full&quot;}\">\n\t\t\t\t<div class=\"elementor-element elementor-element-4d8bf49 elementor-widget elementor-widget-image\" data-id=\"4d8bf49\" data-element_type=\"widget\" data-widget_type=\"image.default\">\n\t\t\t\t<div class=\"elementor-widget-container\">\n\t\t\t<style>\/*! elementor - v3.17.0 - 08-11-2023 *\/\n.elementor-widget-image{text-align:center}.elementor-widget-image a{display:inline-block}.elementor-widget-image a img[src$=\".svg\"]{width:48px}.elementor-widget-image img{vertical-align:middle;display:inline-block}<\/style>\t\t\t\t\t\t\t\t\t\t\t\t<img decoding=\"async\" loading=\"lazy\" width=\"1024\" height=\"835\" src=\"https:\/\/3dmapeamento.com\/wp-content\/uploads\/2023\/10\/Screenshot_4-1024x835.png\" class=\"attachment-large size-large wp-image-419\" alt=\"\" srcset=\"https:\/\/3dmapeamento.com\/wp-content\/uploads\/2023\/10\/Screenshot_4-1024x835.png 1024w, https:\/\/3dmapeamento.com\/wp-content\/uploads\/2023\/10\/Screenshot_4-300x245.png 300w, https:\/\/3dmapeamento.com\/wp-content\/uploads\/2023\/10\/Screenshot_4-768x627.png 768w, https:\/\/3dmapeamento.com\/wp-content\/uploads\/2023\/10\/Screenshot_4-1536x1253.png 1536w, https:\/\/3dmapeamento.com\/wp-content\/uploads\/2023\/10\/Screenshot_4.png 1911w\" sizes=\"(max-width: 1024px) 100vw, 1024px\" \/>\t\t\t\t\t\t\t\t\t\t\t\t\t\t\t<\/div>\n\t\t\t\t<\/div>\n\t\t\t\t<\/div>\n\t\t<div class=\"elementor-element elementor-element-8f52d47 e-con-full e-flex e-con e-child\" data-id=\"8f52d47\" data-element_type=\"container\" data-settings=\"{&quot;content_width&quot;:&quot;full&quot;}\">\n\t\t<div class=\"elementor-element elementor-element-44fb9d9 e-flex e-con-boxed e-con e-child\" data-id=\"44fb9d9\" data-element_type=\"container\" data-settings=\"{&quot;content_width&quot;:&quot;boxed&quot;}\">\n\t\t\t\t\t<div class=\"e-con-inner\">\n\t\t\t\t<div class=\"elementor-element elementor-element-d589563 elementor-widget elementor-widget-heading\" data-id=\"d589563\" data-element_type=\"widget\" data-widget_type=\"heading.default\">\n\t\t\t\t<div class=\"elementor-widget-container\">\n\t\t\t<h2 class=\"elementor-heading-title elementor-size-xxl\">O que \u00e9 ?<\/h2>\t\t<\/div>\n\t\t\t\t<\/div>\n\t\t\t\t\t<\/div>\n\t\t\t\t<\/div>\n\t\t<div class=\"elementor-element elementor-element-c7bcb21 e-flex e-con-boxed e-con e-child\" data-id=\"c7bcb21\" data-element_type=\"container\" data-settings=\"{&quot;content_width&quot;:&quot;boxed&quot;}\">\n\t\t\t\t\t<div class=\"e-con-inner\">\n\t\t\t\t<div class=\"elementor-element elementor-element-810d2e2 elementor-widget elementor-widget-text-editor\" data-id=\"810d2e2\" data-element_type=\"widget\" data-widget_type=\"text-editor.default\">\n\t\t\t\t<div class=\"elementor-widget-container\">\n\t\t\t<style>\/*! elementor - v3.17.0 - 08-11-2023 *\/\n.elementor-widget-text-editor.elementor-drop-cap-view-stacked .elementor-drop-cap{background-color:#69727d;color:#fff}.elementor-widget-text-editor.elementor-drop-cap-view-framed .elementor-drop-cap{color:#69727d;border:3px solid;background-color:transparent}.elementor-widget-text-editor:not(.elementor-drop-cap-view-default) .elementor-drop-cap{margin-top:8px}.elementor-widget-text-editor:not(.elementor-drop-cap-view-default) .elementor-drop-cap-letter{width:1em;height:1em}.elementor-widget-text-editor .elementor-drop-cap{float:left;text-align:center;line-height:1;font-size:50px}.elementor-widget-text-editor .elementor-drop-cap-letter{display:inline-block}<\/style>\t\t\t\t<p>Uma ortofoto, tamb\u00e9m conhecida como ortofotografia ou ortofotomap, \u00e9 uma imagem a\u00e9rea ou de sat\u00e9lite retificada geometricamente de forma a eliminar as distor\u00e7\u00f5es de perspectiva e terreno que normalmente est\u00e3o presentes em fotografias convencionais tiradas a partir de aeronaves ou sat\u00e9lites. Essa retifica\u00e7\u00e3o geom\u00e9trica \u00e9 feita para que a imagem represente com precis\u00e3o as caracter\u00edsticas da superf\u00edcie da Terra, como se fosse vista de cima, de forma planim\u00e9trica.<\/p>\t\t\t\t\t\t<\/div>\n\t\t\t\t<\/div>\n\t\t\t\t\t<\/div>\n\t\t\t\t<\/div>\n\t\t\t\t<\/div>\n\t\t\t\t\t<\/div>\n\t\t\t\t<\/div>\n\t\t<div class=\"elementor-element elementor-element-d4023d4 e-flex e-con-boxed e-con e-parent\" data-id=\"d4023d4\" data-element_type=\"container\" data-settings=\"{&quot;background_background&quot;:&quot;classic&quot;,&quot;content_width&quot;:&quot;boxed&quot;}\" data-core-v316-plus=\"true\">\n\t\t\t\t\t<div class=\"e-con-inner\">\n\t\t<div class=\"elementor-element elementor-element-20fc6ae e-con-full e-flex e-con e-child\" data-id=\"20fc6ae\" data-element_type=\"container\" data-settings=\"{&quot;content_width&quot;:&quot;full&quot;}\">\n\t\t\t\t<div class=\"elementor-element elementor-element-19fa0d4 elementor-widget elementor-widget-heading\" data-id=\"19fa0d4\" data-element_type=\"widget\" data-widget_type=\"heading.default\">\n\t\t\t\t<div class=\"elementor-widget-container\">\n\t\t\t<h2 class=\"elementor-heading-title elementor-size-default\">Qual a fun\u00e7\u00e3o ?<\/h2>\t\t<\/div>\n\t\t\t\t<\/div>\n\t\t\t\t<div class=\"elementor-element elementor-element-4e75566 elementor-widget elementor-widget-text-editor\" data-id=\"4e75566\" data-element_type=\"widget\" data-widget_type=\"text-editor.default\">\n\t\t\t\t<div class=\"elementor-widget-container\">\n\t\t\t\t\t\t\t<p>As ortofotos t\u00eam v\u00e1rias fun\u00e7\u00f5es importantes devido \u00e0 sua capacidade de fornecer representa\u00e7\u00f5es precisas e planim\u00e9tricas da superf\u00edcie da Terra. Aqui est\u00e3o algumas das principais fun\u00e7\u00f5es das ortofotos:<\/p>\n<ol>\n<li>\n<p><strong>Mapeamento e cartografia:<\/strong> As ortofotos s\u00e3o amplamente utilizadas para a cria\u00e7\u00e3o de mapas precisos. Elas servem como uma base s\u00f3lida para a produ\u00e7\u00e3o de mapas topogr\u00e1ficos, mapas de uso da terra, mapas de zoneamento, mapas de transporte e muito mais. A corre\u00e7\u00e3o geom\u00e9trica das ortofotos garante que as dist\u00e2ncias e os \u00e2ngulos representados nos mapas sejam precisos.<\/p>\n<\/li>\n<li>\n<p><strong>Planejamento urbano e regional:<\/strong> As ortofotos s\u00e3o essenciais para o planejamento urbano, permitindo que os planejadores visualizem e analisem \u00e1reas urbanas e rurais com grande detalhe. Elas auxiliam na identifica\u00e7\u00e3o de \u00e1reas para desenvolvimento, zoneamento, infraestrutura e na an\u00e1lise de padr\u00f5es de uso da terra.<\/p>\n<\/li>\n<li>\n<p><strong>Gest\u00e3o de recursos naturais:<\/strong> As ortofotos s\u00e3o usadas na gest\u00e3o de recursos naturais, como florestas, terras agr\u00edcolas e recursos h\u00eddricos. Elas auxiliam na monitoriza\u00e7\u00e3o de mudan\u00e7as no uso da terra, identifica\u00e7\u00e3o de \u00e1reas de desmatamento, an\u00e1lise de culturas agr\u00edcolas e planejamento de conserva\u00e7\u00e3o ambiental.<\/p>\n<\/li>\n<li>\n<p><strong>Engenharia e constru\u00e7\u00e3o:<\/strong> Engenheiros civis usam ortofotos para planejar projetos de constru\u00e7\u00e3o, rodovias, redes de infraestrutura e desenvolvimento de terrenos. As imagens detalhadas ajudam a identificar obst\u00e1culos, caracter\u00edsticas do terreno e outros elementos importantes para o planejamento e execu\u00e7\u00e3o de projetos.<\/p>\n<\/li>\n<li>\n<p><strong>Agricultura de precis\u00e3o:<\/strong> Na agricultura, as ortofotos s\u00e3o usadas para a gest\u00e3o de fazendas e a otimiza\u00e7\u00e3o do cultivo de culturas. Elas ajudam os agricultores a identificar \u00e1reas com problemas, como estresse h\u00eddrico ou infesta\u00e7\u00f5es de pragas, e a aplicar fertilizantes e pesticidas de forma precisa.<\/p>\n<\/li>\n<li>\n<p><strong>Monitoramento ambiental:<\/strong> As ortofotos s\u00e3o usadas para avaliar mudan\u00e7as no meio ambiente ao longo do tempo, como eros\u00e3o costeira, mudan\u00e7as no n\u00edvel da \u00e1gua, expans\u00e3o urbana e impactos ambientais de projetos de desenvolvimento.<\/p>\n<\/li>\n<li>\n<p><strong>Servi\u00e7os de emerg\u00eancia:<\/strong> Em situa\u00e7\u00f5es de emerg\u00eancia, como desastres naturais, as ortofotos podem ser usadas para avaliar rapidamente os danos, planejar respostas e coordenar opera\u00e7\u00f5es de busca e resgate.<\/p>\n<\/li>\n<li>\n<p><strong>Geoprocessamento:<\/strong> As ortofotos s\u00e3o um componente essencial em sistemas de informa\u00e7\u00e3o geogr\u00e1fica (SIG) e s\u00e3o usadas para an\u00e1lises espaciais, sobreposi\u00e7\u00e3o de dados e modelagem geoespacial.<\/p>\n<\/li>\n<\/ol>\t\t\t\t\t\t<\/div>\n\t\t\t\t<\/div>\n\t\t\t\t<\/div>\n\t\t\t\t\t<\/div>\n\t\t\t\t<\/div>\n\t\t<div class=\"elementor-element elementor-element-5ea18ac e-flex e-con-boxed e-con e-parent\" data-id=\"5ea18ac\" data-element_type=\"container\" data-settings=\"{&quot;content_width&quot;:&quot;boxed&quot;}\" data-core-v316-plus=\"true\">\n\t\t\t\t\t<div class=\"e-con-inner\">\n\t\t<div class=\"elementor-element elementor-element-50948fb e-con-full e-flex e-con e-child\" data-id=\"50948fb\" data-element_type=\"container\" data-settings=\"{&quot;content_width&quot;:&quot;full&quot;}\">\n\t\t\t\t<div class=\"elementor-element elementor-element-c62579d elementor-widget elementor-widget-text-editor\" data-id=\"c62579d\" data-element_type=\"widget\" data-widget_type=\"text-editor.default\">\n\t\t\t\t<div class=\"elementor-widget-container\">\n\t\t\t\t\t\t\t<p><strong>Em resumo, as ortofotos desempenham um papel crucial em v\u00e1rias disciplinas e setores, fornecendo informa\u00e7\u00f5es geoespaciais precisas e atualizadas que auxiliam na tomada de decis\u00f5es, planejamento e gest\u00e3o de recursos, infraestrutura e meio ambiente. Elas s\u00e3o uma ferramenta valiosa para profissionais que lidam com informa\u00e7\u00f5es geoespaciais e an\u00e1lises espaciais.<\/strong><\/p>\t\t\t\t\t\t<\/div>\n\t\t\t\t<\/div>\n\t\t\t\t<\/div>\n\t\t<div class=\"elementor-element elementor-element-e3c0a5d e-con-full e-flex e-con e-child\" data-id=\"e3c0a5d\" data-element_type=\"container\" data-settings=\"{&quot;content_width&quot;:&quot;full&quot;}\">\n\t\t\t\t<div class=\"elementor-element elementor-element-3d3f3fc elementor-widget elementor-widget-image\" data-id=\"3d3f3fc\" data-element_type=\"widget\" data-widget_type=\"image.default\">\n\t\t\t\t<div class=\"elementor-widget-container\">\n\t\t\t\t\t\t\t\t\t\t\t\t\t\t\t<img decoding=\"async\" loading=\"lazy\" width=\"1024\" height=\"902\" src=\"https:\/\/3dmapeamento.com\/wp-content\/uploads\/2023\/10\/Screenshot_3-1024x902.png\" class=\"attachment-large size-large wp-image-421\" alt=\"\" srcset=\"https:\/\/3dmapeamento.com\/wp-content\/uploads\/2023\/10\/Screenshot_3-1024x902.png 1024w, https:\/\/3dmapeamento.com\/wp-content\/uploads\/2023\/10\/Screenshot_3-300x264.png 300w, https:\/\/3dmapeamento.com\/wp-content\/uploads\/2023\/10\/Screenshot_3-768x676.png 768w, https:\/\/3dmapeamento.com\/wp-content\/uploads\/2023\/10\/Screenshot_3.png 1230w\" sizes=\"(max-width: 1024px) 100vw, 1024px\" \/>\t\t\t\t\t\t\t\t\t\t\t\t\t\t\t<\/div>\n\t\t\t\t<\/div>\n\t\t\t\t<\/div>\n\t\t\t\t\t<\/div>\n\t\t\t\t<\/div>\n\t\t\t\t\t\t\t<\/div>\n\t\t","protected":false},"excerpt":{"rendered":"<p>Ortofoto O que \u00e9 ? Uma ortofoto, tamb\u00e9m conhecida como ortofotografia ou ortofotomap, \u00e9 uma imagem a\u00e9rea ou de sat\u00e9lite retificada geometricamente de forma a eliminar as distor\u00e7\u00f5es de perspectiva e terreno que normalmente est\u00e3o presentes em fotografias convencionais tiradas a partir de aeronaves ou sat\u00e9lites. Essa retifica\u00e7\u00e3o geom\u00e9trica \u00e9 feita para que a imagem [&hellip;]<\/p>\n","protected":false},"author":1,"featured_media":0,"parent":0,"menu_order":0,"comment_status":"closed","ping_status":"closed","template":"elementor_header_footer","meta":{"_monsterinsights_skip_tracking":false,"_monsterinsights_sitenote_active":false,"_monsterinsights_sitenote_note":"","_monsterinsights_sitenote_category":0,"_themeisle_gutenberg_block_has_review":false,"_ti_tpc_template_sync":false,"_ti_tpc_template_id":"","footnotes":""},"aioseo_notices":[],"_links":{"self":[{"href":"https:\/\/3dmapeamento.com\/index.php\/wp-json\/wp\/v2\/pages\/416"}],"collection":[{"href":"https:\/\/3dmapeamento.com\/index.php\/wp-json\/wp\/v2\/pages"}],"about":[{"href":"https:\/\/3dmapeamento.com\/index.php\/wp-json\/wp\/v2\/types\/page"}],"author":[{"embeddable":true,"href":"https:\/\/3dmapeamento.com\/index.php\/wp-json\/wp\/v2\/users\/1"}],"replies":[{"embeddable":true,"href":"https:\/\/3dmapeamento.com\/index.php\/wp-json\/wp\/v2\/comments?post=416"}],"version-history":[{"count":28,"href":"https:\/\/3dmapeamento.com\/index.php\/wp-json\/wp\/v2\/pages\/416\/revisions"}],"predecessor-version":[{"id":477,"href":"https:\/\/3dmapeamento.com\/index.php\/wp-json\/wp\/v2\/pages\/416\/revisions\/477"}],"wp:attachment":[{"href":"https:\/\/3dmapeamento.com\/index.php\/wp-json\/wp\/v2\/media?parent=416"}],"curies":[{"name":"wp","href":"https:\/\/api.w.org\/{rel}","templated":true}]}}